+ w - 18 = 0. Suppose q*m = -3*m + 875. What is the hundreds digit of m?
1
What is the units digit of (29 + (-48225)/(-45))*(0 + 26 + 1)?
8
Suppose 2*g + 3*d - 31 = 0, -13*d + 15*d = 2*g - 6. Suppose 0 = g*w + 3*w - 3366. What is the tens digit of w?
0
Let c(p) = -2*p**2 + 76 - 93 - 6*p**2 - 33*p - p**3. What is the units digit of c(-12)?
5
Suppose -3*i - 13 = -2*m, m - 6 + 2 = 4*i. Suppose 0 = -g + 358 - m. Suppose 0 = -4*z - g + 946. What is the units digit of z?
9
Suppose 6010*b = 5978*b + 1067200. What is the units digit of b?
0
Suppose 3*a = 5*b + 8 + 21, 22 = 2*a - 4*b. Suppose -607 = -a*p + 683. What is the hundreds digit of p?
4
Let n = -420 - -413. Let p(q) = -71*q + 59. What is the tens digit of p(n)?
5
Suppose 27*j - 7*j = -40. What is the hundreds digit of j/9 - 47090/(-90)?
5
Let d = -545 - -607. Let m = 559 - d. What is the units digit of m?
7
Let q(i) = -4*i + 1. Let g(c) = -c**2 - 7*c + 4. Let r be g(-7). Suppose 0 = r*p + 60 - 16. What is the units digit of q(p)?
5
Suppose 0 = 366*b - 396*b + 353160. What is the tens digit of b?
7
Suppose -d + 5 = -34. Suppose -3*l + 5*m = -43, -2*l + 4*m - 7 = -d. What is the tens digit of l/(-33) - 10486/(-77)?
3
Let y = 55 + -100. Let h = y - -48. What is the units digit of h + 171/(0 - 3/(-2))?
7
Let q = -32017 + 52024. What is the units digit of q?
7
Suppose -23*u + 255355 + 407390 = 0. What is the hundreds digit of u?
8
Let y = 11099 - 5691. What is the hundreds digit of y?
4
Suppose 38*y + 9258 = -28628. Let k = 1874 + y. What is the hundreds digit of k?
8
Let j(y) = 7*y**2 - 17*y - 2. Suppose -p = -5*q, 2*p - 14 = -q - 3*q. Let z(x) = 6*x**2 - 17*x - 3. Let m(k) = p*z(k) - 4*j(k). What is the units digit of m(9)?
2
Let n be (4 + (-25)/10)*(-8)/(-3). Suppose 2*x + 1524 = n*m, -m + 2*x = -x - 386. What is the tens digit of m?
8
Suppose -865*y - 2954920 + 46686758 = 3911563. What is the units digit of y?
5
Let r = 7963 + -7288. What is the hundreds digit of r?
6
Let h = -10011 + 29540. What is the hundreds digit of h?
5
Suppose 2*f - 5*i + 2 = -0*i, 3*f = -4*i + 43. Let b(s) = 4*s**3 - 22*s**2 + 27. What is the hundreds digit of b(f)?
1
Suppose 1 = y - 34. Suppose 4*c - y = 5*j + 17, -c - 3*j = -13. Let o = c + 124. What is the hundreds digit of o?
1
Suppose 67*j - 160 = 68*j. What is the units digit of 4 - (j/(-50))/((-6)/1245)?
8
Suppose -t + 9439 = 2*y, -22*t + 18*t + y + 37711 = 0. What is the tens digit of t?
2
Let g be (-1 + -72)*(500/10)/10. Let c = g + 1226. What is the tens digit of c?
6
Suppose -7 = -i - 4*g - 27, -5*g = -i - 2. What is the hundreds digit of (-11482)/i - 0 - (-198)/1188?
9
Let g(y) = 56*y**3 - 2*y**2 + 86*y - 521. What is the tens digit of g(9)?
1
Let o(h) = -15530*h - 880. What is the thousands digit of o(-2)?
0
Let d(s) be the third derivative of -s**7/1680 - s**6/120 + 3*s**5/20 + 12*s**2. Let i(k) be the third derivative of d(k). What is the units digit of i(-11)?
7
Let q = -233 + 230. What is the hundreds digit of (-219 + 5)*q/((-15)/(-10))?
4
Suppose -540*c + 176269 = -511*c - 414635. What is the units digit of c?
6
Let h(v) = v**2 - 17*v + 13. Let k be h(16). Let d be ((-4)/k)/(26/39). Suppose 3*t + 13 = 5*o, -d*t - 2 = -0*o - 2*o. What is the units digit of t?
4
Suppose -35*o = -31*o - 16, 2*g + 30 = 5*o. Let u(a) = -9*a - 5 - 18 - a. What is the units digit of u(g)?
7
Suppose -19*m + 2*a = -22*m + 23403, 3*a - 15597 = -2*m. What is the hundreds digit of m?
8
Suppose -7*s = -11*s - 32. Let z be (-2)/s - (-1111)/(-44). What is the hundreds digit of -25 - z - (-1 - 124)?
1
Suppose -2*l = -2 - 6, 4*m = 4*l + 132. Suppose 4*u = -w + 144, 3*w - 415 = -0*w + 5*u. Suppose v = i - 172, i - m = 2*v + w. What is the tens digit of i?
6
Let m(s) = -23*s**2 - 15*s - 63. Let b be m(-10). Let u = -915 - b. What is the thousands digit of u?
1
Suppose 0 = 3*m + 9 - 12. What is the units digit of ((-4)/m + -6)*-65?
0
Suppose 263*t - 311*t + 106224 = 0. What is the tens digit of t?
1
Suppose 5*m + 3 + 1 = -4*z, -5*z = -5*m + 5. Suppose -8*b - b + 3024 = m. What is the tens digit of b?
3
Let f(w) = 100*w**3 - 90*w**2 + 17*w - 26. What is the hundreds digit of f(7)?
9
Suppose 4*k - 5*s + 275 = -k, -5*s = 4*k + 238. Let x = k - -59. Suppose 76 = 2*c - 2*g, 0*c + 2*c + x*g = 88. What is the tens digit of c?
4
What is the ten thousands digit of 3/((-21)/(-14)*(-24)/(-418380))?
3
Let s = 1997 - 1069. What is the units digit of s?
8
Suppose 13*u - 8 = 12*u. Let y(h) = 8*h**2 - 19*h + 11. Let k be y(u). Suppose -157 = -6*d + k. What is the tens digit of d?
8
Let w(s) = s**2 + s + 3. Let k be w(-6). Suppose -189 = k*l - 34*l. What is the tens digit of l?
8
Let k(p) = 61*p + 1. Let h be k(1). Let c = 106 - h. Let a = c - -73. What is the hundreds digit of a?
1
Let t = 18260 - 7349. What is the hundreds digit of t?
9
Let t = 1178 - 393. What is the hundreds digit of t?
7
Let h = -48 - -52. Suppose 5*r = 14 - h. What is the tens digit of 1/(-2) + 2 - (-27)/r?
1
Suppose -111 = -4*x + 13. Let d(v) = v**2 + 8*v + 3. Let g be d(-8). Suppose l - 2*z - x = 0, 5*l = -6*z + g*z + 181. What is the units digit of l?
5
Suppose 0 = s + 5*p + 127 - 18060, 0 = -3*p. What is the tens digit of s?
3
Let p(i) = -i**2 + 9*i + 52. Let m be p(-4). Suppose m*j + 4*q + 433 = j, 4*j - 4*q = 1708. What is the hundreds digit of j?
4
Let t(d) = -87*d + 2868. What is the hundreds digit of t(13)?
7
Let d(p) = -466*p + 210. What is the tens digit of d(-4)?
7
Let l = 20465 - -16800. What is the tens digit of l?
6
Let r(m) = -5*m - 22. Let d be r(-5). Suppose 326 - 11 = -d*g. What is the tens digit of -3 + 6 + g/(-1)?
0
Let a(z) = z**3 - 2*z**2 - z + 4. Let t be a(2). Let k(w) = -7 + 8 - 15*w - 3*w**t + 2*w**2. What is the tens digit of k(-12)?
3
Suppose -6 = -3*a - 0*a, 1859 = b + 5*a. What is the tens digit of b?
4
Suppose -j = 4*u - 16756, -3*j + 4*u + 12453 + 37943 = 0. What is the tens digit of j?
8
What is the tens digit of (-5)/(-6) + 1163604/72?
6
Let p = -62 + -102. Let v = 75 + p. Let l = v + 169. What is the tens digit of l?
8
Let v = -118 - -109. What is the units digit of (-8 - v)*-1 - (-253 - -1)?
1
Let x(q) be the second derivative of 7*q**4/6 + 7*q**3/2 + 2*q**2 + 47*q. What is the units digit of x(8)?
8
Let r(j) = -2*j**3 - 25*j**2 - 11*j + 6. Let m be r(-12). Let n(i) = -2*i**3 + 8*i**2 - i - 31. What is the units digit of n(m)?
5
Suppose -43*d = 4*d + 25*d - 562608. What is the thousands digit of d?
7
Let m be ((-1107)/18)/((-2)/20). Suppose -8640 = -m*b + 606*b. What is the hundreds digit of b?
9
What is the tens digit of ((-22)/3*(-51)/187)/((-4)/(-18678))?
3
Suppose -38*i - 14 - 70 = 46*i. Let l(k) be the first derivative of -75*k**2/2 + 3*k - 1. What is the units digit of l(i)?
8
Let s = 30 - 2. Let w = s + -26. Suppose w*q + 774 = 11*q. What is the tens digit of q?
8
Suppose 699*h - 640*h - 1629698 = 0. What is the units digit of h?
2
Suppose -3*x - 12 = -4*f - 5*x, 0 = -4*f - x + 10. Suppose -q - 6 = -f*y - 3, -4*y + 20 = 0. What is the units digit of q?
7
Let c be -3 + ((-6)/(-4))/((-22)/(-44)). Suppose -3*x - 12 = -4*u, -2*u - 2*u = -5*x - 12. Suppose c = 3*d - x*d - 144. What is the units digit of d?
8
Let y = -100 + 98. What is the tens digit of (-1 + -3590)/(-7) + y?
1
Let z be -5 - (-1 + -7 + 1). Let v be (-4 - -9) + z + -4. Suppose -v*d - 2*d = -4*i + 681, -5*i = -d - 846. What is the tens digit of i?
6
Suppose 3*s - 241*c - 12030 = -237*c, 0 = 3*s - 3*c - 12030. What is the units digit of s?
0
Let x be ((-10)/(-15))/(4/18). Suppose -4*u - 28 = -4*d, -x*d - u = 4*u - 5. Suppose 0 = -13*t + d*t + 1696. What is the units digit of t?
2
Suppose 119 + 1 = n. Let o = n + 83. What is the units digit of o?
3
Let i(d) = d**3 + 19*d**2 - 21*d - 3. Let r(l) = l - 11. Let u be r(-10). Let y be i(u). What is the units digit of (-2)/3*y/8?
7
Let w be 2/(1/1 + -2). Let u be w*((-26)/8 + 1/(-4)). Let h = u + 114. What is the units digit of h?
1
Let z = -90 - -2. What is the units digit of (45/30)/((-12)/z)?
1
Suppose -3*c + 2*u = -30489, 4*c + 64*u - 40642 = 65*u. What is the thousands digit of c?
0
Let w be ((-468)/(-15) + -6)/((-6)/(-135)). Suppose 5*t - 2047 + w = -5*y, -3*t + 3 = 0. What is the tens digit of y?
9
What is the units digit of (2001/4 - -2)/((-3)/(624/(-26)))?
8
Let j(x) = x**2 